6
What is the value of 78 + (-5 - 2 - (17 + -54 - -32)) - -10?
86
What is the value of 1 + -49 - (1747 - 1750)?
-45
What is the value of -16 - (-23 - (8 + -16 - (-2 + 0)) - -9)?
-8
What is the value of 1 + -25 - (105 + -103 - 6)?
-20
Evaluate 169 + -89 + -43 - (-1 - -44).
-6
-6 + 5 - (-11 - 16 - -32)
-6
Evaluate -22 + 0 - (33 + 44 - 117).
18
Evaluate -6 + (-17 - -22) - ((18 - 112) + 14).
79
What is the value of (-2 - -83) + -11166 + 11122?
37
Calculate 5 + -1 + (-24 - (5 + -5 + -55)).
35
Evaluate -20 + (-7 + 5 + -39 - (8 - 26)).
-43
Calculate -66 + -35 + 120 + (10 - (-3 - -7) - -1).
26
Calculate -36 - (-2 - (-11 - (-13 + (-1 - 4)))).
-27
Evaluate -6 + 5 - (-105 + 15 + 7 + 12).
70
19 - (69 + -45 + 17)
-22
Calculate (8 + -10 - 62) + 5 - (6 - 3).
-62
Evaluate -59 + 177 + -233 - 22.
-137
Evaluate (1 + 5 - 20) + (-399 - -320).
-93
Calculate (81 - 94) + -62 + 38 + -3.
-40
What is the value of 8 - (4 - -33) - (-62 - -58 - (2 + 1))?
-22
What is -14 - 58 - (-47 - (2 + -18))?
-41
Calculate -4 + 19 + (12 - (-6 - (-11 + -9)) - 78).
-65
What is (-43 - (-8 + -18)) + -72?
-89
Evaluate (59 - (31 + 34)) + -23.
-29
What is the value of -29 - (-17 + -17 - -20 - 7) - 26?
-34
What is 10 - (21 + 15) - ((4 - 23) + 15)?
-22
What is the value of (1 - (1 - 5)) + -8308 + 8305?
2
What is (31 - (-27 + 45)) + -36 + 7?
-16
What is the value of -35 + 63 + 97 + -64 + (-12 - 1)?
48
What is the value of -39 - (3 + 0 + -1 + 6 + -20)?
-27
What is (1 - -56) + (5 - (2 + 7))?
53
What is the value of 56 - (0 - -1) - (-4403 - -4419)?
39
Evaluate -262 - -265 - (16 + 1).
-14
Evaluate -34 + (-162 - (-184 + 103)).
-115
What is the value of 15 - ((33 - 50) + 32)?
0
What is the value of 104 + 1 + (-67 - -27 - -13)?
78
What is the value of 17 + -8 + -8 + -62 + 69 - (-76 + 1)?
83
(39 - -40) + 30 + -59
50
What is 19931 + -19808 + (-237 - 1)?
-115
What is the value of -119 - 6 - (-3474 - -3413)?
-64
What is 2 - (-31 - (-3 - -4) - (-69 - -70))?
35
What is the value of -27 + 2 + (3 + -28 - -90)?
40
Evaluate 9 - (3 + 29 - ((21 + -11 - 3) + -4)).
-20
Calculate (-3 - -5 - -19) + 32 + (-14 - 11).
28
Calculate (-4 - -2 - 2) + 57 + (-2 - -30) + -13.
68
What is the value of 1 - (1 + -1 + (14 + -64 - -42) + 7)?
2
Evaluate 22 + 16 + 9 + -5 + 9.
51
What is 30 - (36 - 36 - 28)?
58
What is 1 + (-17 + (-3 - -13) - -12) + (-3 - 52)?
-49
What is -3 - -2 - (1 + -32 - -52)?
-22
(-33 - -95 - (-3 + (-5 - -14))) + 15
71
What is the value of 2 + (13 + -18 - (8 - 17)) + 7?
13
What is -2 - 66 - (86 + -112 + (48 - 2))?
-88
Evaluate -2 + -49 + 74 + -39 - -151.
135
Evaluate 2 + 11 + -1 + (242 + -47 - 293).
-86
Calculate -2384 + 2396 - (1 - -61).
-50
What is the value of 6 + (-12 - 8 - -7) + 45 + 0?
38
What is the value of 7 + 0 + -35 + 44 + -51 + -9?
-44
Calculate (-11 - 2) + -312 + 266 - (-16 + 4 + -3).
-44
What is the value of -20 + 27 + (19 - (1 - -1 - (64 - 67)))?
21
What is -57 - ((-172 - -49) + 16)?
50
What is the value of 1 + 3 - (-129 + 23 - -45)?
65
What is the value of -16 + 8 + (-7 - (-8 - -4)) + -23 + 26?
-8
What is the value of -44 + -1 + (-56 - -171) + 31?
101
Evaluate (-38 + (-20 - 19) - (4 + -11)) + -1 + 2.
-69
What is the value of (271 - 295) + -2 + 33 - -40?
47
What is -10 + (1 - (-13 - 35 - -10)) - -12?
41
Evaluate -20 + 39 - 23 - (-39 - (8 + -24)).
19
What is 4 + 2 + 2 + (-1393 - -1372)?
-13
Calculate 47 + -18 + -5 + 28 + -108.
-56
What is the value of -94 + 12 + 158 - (-4 + (3 - 5))?
82
(-7 - -12) + -9 + (1 - 27) + 78
48
8 + (-18 - ((22 - 10) + -4) - -6)
-12
Calculate 11 + (-5 - 6 - 1) - -9 - -4.
12
What is the value of (10 - (7 - (-7 + 7) - -49)) + (4 - 1)?
-43
What is the value of 8 - 51 - (-571 - -511)?
17
What is -215 + 211 + -2 + 15?
9
What is 46 - (0 - -42) - -66 - 0?
70
What is -18 + -11 + 9 + -7 - -28?
1
Calculate -28 + (1 + (-5 - -1) - (15 + -1 - 12)).
-33
What is the value of 26 + ((-4 - -1) + -4 - 6) + -54?
-41
What is the value of 1 + -2 - (40 + -2) - (-294 - (-124 - 174))?
-43
What is the value of 1 + -77 - (21 - (16 + 7) - -7 - 3)?
-78
Calculate -127 + 180 - (12 + 35) - (59 - 0).
-53
Calculate 9 + -1 - (-37 + -52 + 66).
31
What is 20 + (-15 - (-1 - -13)) + -6?
-13
What is the value of (-59 - -48) + (9 - (-3 + 9))?
-8
7 - (-26 + -12) - 19 - -3
29
What is the value of 6 - (-7 + 51 + -61)?
23
What is the value of 77 - (29 - 31 - -150)?
-71
What is the value of (-27 - -7) + (10 + -7 + -10 - 1 - -3)?
-25
Evaluate (12 - (-18 + -8)) + 3.
41
What is the value of (-22 - (-28 + 37)) + 13 + 4?
-14
(4 - (11 - 10)) + 2 + -28 + (4 - 13)
-32
Evaluate 18 + (1 + -19 - 36) - -9.
-27
Evaluate (-84 - (34 - 67)) + 66.
15
22 + (-19 - -4) - 42
-35
Calculate (-67 - -62) + 1 - (43 + 1).
-48
Calculate -34 + -127 - (55 + -122).
-94
Evaluate 34 - (-5 - (-68 - -22)).
-7
Calculate -2 - 1 - 0 - -8 - (45 - (52 + 1)).
13
Evaluate -90 - (-4 - 28) - -101.
43
What is 5 - (-3 - 11 - 7) - (12 + -50 + 28)?
36
What is -14 + (2 + -6 + 10 - 9 - (2 - -1))?
-20
Calculate 6 - -23 - 3 - 3.
23
144 + -39 + (44 - -14) + -48
115
-7 + -7 + 14 - (-53 + 3 + -22)
72
What is 948 + -838 - (-10 + -2) - 21?
101
What is -64 - (5 + -70 - -80)?
-79
2 + 4 - (29 + 26 + (-40 - -44))
-53
Evaluate -23 - (10 - 20) - (57 + 21 + -11 + 0).
-80
Calculate 11 - (1 - 14 - (-4 + -26 - -20)).
14
Calculate ((-29 - -5) + 23 - -24) + -130.
-107
58 + (130 - 98) - 85
5
Calculate 96 - (-45 + (0 - -98)).
43
79 + (-27 - (-32 + 34 + -5))
55
Calculate -86 + 1 - (35 - (-36 + (72 - 17) + 4)).
-97
-5 + (-3 - 7 - (25 - 44)) + -20 + -3
-19
9 + (9 - -49) + -36
31
(-97 - (-11 + 36 + -31 + 15)) + (12 - -1)
-93
Evaluate (-34 - (59 + 4 + -32)) + (-2 - -3 - -2).
-62
What is 39 - 13 - (-463 + 529)?
-40
6 - 27 - 0 - (-80 - (141 - 90))
110
(-137 - 12) + (2 + -15 - (-24 - 2))
-136
What is -6 - (-15 + 1 + 25 + -35)?
18
Evaluate (-8 - -11) + 10 + 186 + -81 + -16.
102
Calculate 425 - 383 - (6 + -2).
38
What is 25 + (16 - -10) - 15 - 24 - -48?
60
What is (-4 - (2 - 2) - 6) + (2 + -17 - 1)?
-26
What is the value of -5 + 17 - (-54 + 123)?
-57
1 - -94 - (-95 + -15 - -132)
73
What is -18 - (-5 - (45 - 10 - -26))?
48
What is the value of 2 + (6 - 14) + (-6 - (-23 - -47))?
-36
Calculate -48 + (-21 - -22 - (-8 - -26 - 7 - 3)).
-55
What is (-101 - -101) + 6 + 0 + 8 + -97?
-83
Calculate 8 - ((-11 - -3) + 1 - (18 + -16 - 17)).
0
Evaluate 40 + (-13 + -15 + 25 - 6) + -14.
17
What is -44 + 7 + -41 + 46 + 1 + -19?
-50
-106 + 32 - (4 - 38)
-40
What is the value of (-14 - (12 - 6)) + (51 - -81) - -9?
121
Calculate (39 - 37) + -12 - (-3 - (-3 - -36 - 1)).
25
What is the value of -21 - ((1 - 27) + -39 + -5)?
49
-31 + 30 + (-3 - 7)
-11
(0 + -24 - (588 + -603)) + -39
-48
What is -16 - 3 - (2 + -9 + -67 + 75)?
-20
Calculate (44 - -3) + -86 - -18.
-21
Calculate (-12 + -22 - -9 - (-10 - 2)) + 4.
-9
8 - (0 - 5 - (38 + -13))
38
What is the value of 4 - 10 - (20 - 36 - 4)?
14
What is the value of -69 + 64 - ((-3 - (6 + -1)) + 28)?
-25
What is the value of -1 - -13 - 4 - ((30 - 16) + -66) - -12?
72
What is the value of 27366 + -27275 - (-45 - 0)?
136
-641 + 614 + (4 - 14)
-37
What is (-98 - 1) + (25 + 35 - 82) + (28 - 0)?
-93
11 + 1 + (-11 - (-46 - -37)) + (3 - 0)
13
Evaluate -12 + -2 - (60 + -10 + 12) - (4 + -12).
-68
What is 18 + -44 + -35 + (-6 - -2) + (1 - 0)?
-64
What is 11 + 3 + -2 - (11 + 11)?
-10
What is the value of (7 - 3 - 1 - 9) + 39 + -41 + 18?
10
7 + (-149 - (2 + -19))
-125
What is 9 + (-15 - -6) + 14 + -1 - 45?
-32
(-1 - 0 - (2 - -3) - -12) + (-68 - -7)
-55
-11 - (-50 + 29) - (1 + 3) - (-11 - 1)
18
-36 - (13 + (10 - (-2 - (-1 - 11))))
-49
Calculate 37 - (0 - 0) - (16907 - 16900).
30
Evaluate (-81 - -109) + -69 - -33.
-8
-13 + (92 - -83) - 85
77
37 - ((-28 - -14 - (2 - 65)) + -24)
12
1 + -1 + 57 + (-67 - (78 - 135))
47
What is the value of -39 + (-33 - -49) + 7?
-16
Calculate 29 - (-46 - ((-11 - 28) + 20)).
56
What is 25 + -2 - (-160 + (137 - 0) + 23 + 1)?
22
What is the value of -106 - (-282 + 156) - 103?
-83
What is the value of (2 - (32 - 7)) + 40 + -26 + (-33 - -2)?
-40
Calculate (405 - 296) + 37 + -180.
-34
1 - (-3 - 3 - -2) - (1050 - 1060)
15
Calculate -51 + (53 - 11) - (-65 - 1).
57
Calculate 103 - (62 + -117 + 71).
87
34 + -20 + -7 + -109
-102
Calculate 14 + 7 + 14 + -27 + (-33 - -1).
-24
-19 - (-2 + 7 + 2 - ((-20 - -7) + 20))
-19
What is 23 - (-22 - (53 - (5 + 17)))?
76
Evaluate 1 + (8 - -